{"id":10,"date":"2023-12-05T01:03:56","date_gmt":"2023-12-05T01:03:56","guid":{"rendered":"http:\/\/192.168.15.239\/?page_id=10"},"modified":"2025-03-13T13:34:51","modified_gmt":"2025-03-13T19:34:51","slug":"bienvenida","status":"publish","type":"page","link":"https:\/\/ordenamientoecologico.oaxaca.gob.mx\/","title":{"rendered":"Bienvenida"},"content":{"rendered":"\r\n<div class=\"text-center\" style=\"margin-top:-50px;\">\r\n\t<p><img decoding=\"async\" class=\"alignnone wp-image-1269 size-full\" src=\"https:\/\/ordenamientoecologico.oaxaca.gob.mx\/wp-content\/uploads\/2025\/03\/banner-poerteo_Mesa-de-trabajo-1.jpg\" alt=\"\" width=\"100%\" \/><\/p>\r\n<\/div>\r\n<hr>\r\n\r\n<p>En t\u00e9rminos generales, una bit\u00e1cora es un registro detallado de las acciones realizadas para lograr un objetivo determinado y del resultado que producen. A trav\u00e9s de ella es posible conocer la secuencia de sucesos y las condiciones en que se desarrollaron incluyendo las eventualidades y obst\u00e1culos para alcanzar el logro del objetivo.<\/p>\r\n\r\n\r\n\r\n<p>Para la gesti\u00f3n ambiental, son ampliamente conocidas las consecuencias de no contar con informaci\u00f3n oportuna y confiable sobre los cambios experimentados por el ambiente, desde el seguimiento de variables clim\u00e1ticas b\u00e1sicas hasta los procesos de degradaci\u00f3n m\u00e1s acusados, sobre los factores naturales y sociales que les dieron origen, sobre las decisiones e indecisiones de manejo o sobre los criterios que las sustentan.<\/p>\r\n\r\n\r\n\r\n<p>Mantener \u00a0una \u00a0bit\u00e1cora \u00a0sirve \u00a0para \u00a0varios \u00a0prop\u00f3sitos. \u00a0En \u00a0primer \u00a0t\u00e9rmino, \u00a0sirve \u00a0para comunicar a otros los pormenores del proceso, de modo que puedan juzgar si se procedi\u00f3 de acuerdo con lo planeado y qu\u00e9 criterios se utilizaron, as\u00ed como para comprender los factores que intervinieron para que no se cumpliera el objetivo, de ser \u00e9ste el caso. Sirve tambi\u00e9n para determinar el avance y acumular experiencia; al responsable de un proceso, la \u00a0bit\u00e1cora le permite saber qu\u00e9 tan lejos est\u00e1 el objetivo, determinar si procede en la direcci\u00f3n correcta y con el ritmo adecuado, comprender cu\u00e1les han sido los errores y decidir qu\u00e9 medidas tomadas con anterioridad pueden resultar eficaces para encarar condiciones similares en el futuro.<\/p>\r\n\r\n\r\n<div class=\"wp-block-image is-style-default\">\r\n<figure class=\"aligncenter size-full\"><img loading=\"lazy\" decoding=\"async\" width=\"550\" height=\"272\" class=\"wp-image-11\" src=\"https:\/\/ordenamientoecologico.oaxaca.gob.mx\/wp-content\/uploads\/2023\/12\/diagrama-BA.fw_.png\" alt=\"\" srcset=\"https:\/\/ordenamientoecologico.oaxaca.gob.mx\/wp-content\/uploads\/2023\/12\/diagrama-BA.fw_.png 550w, https:\/\/ordenamientoecologico.oaxaca.gob.mx\/wp-content\/uploads\/2023\/12\/diagrama-BA.fw_-300x148.png 300w\" sizes=\"auto, (max-width: 550px) 100vw, 550px\" \/><\/figure><\/div>","protected":false},"excerpt":{"rendered":"<p>En t\u00e9rminos generales, una bit\u00e1cora es un registro detallado de las acciones realizadas para lograr un objetivo determinado y del [&hellip;]<\/p>\n","protected":false},"author":1,"featured_media":0,"parent":0,"menu_order":0,"comment_status":"closed","ping_status":"closed","template":"","meta":{"footnotes":""},"class_list":["post-10","page","type-page","status-publish","hentry"],"_links":{"self":[{"href":"https:\/\/ordenamientoecologico.oaxaca.gob.mx\/index.php?rest_route=\/wp\/v2\/pages\/10","targetHints":{"allow":["GET"]}}],"collection":[{"href":"https:\/\/ordenamientoecologico.oaxaca.gob.mx\/index.php?rest_route=\/wp\/v2\/pages"}],"about":[{"href":"https:\/\/ordenamientoecologico.oaxaca.gob.mx\/index.php?rest_route=\/wp\/v2\/types\/page"}],"author":[{"embeddable":true,"href":"https:\/\/ordenamientoecologico.oaxaca.gob.mx\/index.php?rest_route=\/wp\/v2\/users\/1"}],"replies":[{"embeddable":true,"href":"https:\/\/ordenamientoecologico.oaxaca.gob.mx\/index.php?rest_route=%2Fwp%2Fv2%2Fcomments&post=10"}],"version-history":[{"count":10,"href":"https:\/\/ordenamientoecologico.oaxaca.gob.mx\/index.php?rest_route=\/wp\/v2\/pages\/10\/revisions"}],"predecessor-version":[{"id":678,"href":"https:\/\/ordenamientoecologico.oaxaca.gob.mx\/index.php?rest_route=\/wp\/v2\/pages\/10\/revisions\/678"}],"wp:attachment":[{"href":"https:\/\/ordenamientoecologico.oaxaca.gob.mx\/index.php?rest_route=%2Fwp%2Fv2%2Fmedia&parent=10"}],"curies":[{"name":"wp","href":"https:\/\/api.w.org\/{rel}","templated":true}]}}