{"id":338,"date":"2023-12-08T13:30:37","date_gmt":"2023-12-08T19:30:37","guid":{"rendered":"http:\/\/192.168.15.239\/?page_id=338"},"modified":"2025-03-12T18:08:18","modified_gmt":"2025-03-13T00:08:18","slug":"diagnostico","status":"publish","type":"page","link":"https:\/\/ordenamientoecologico.oaxaca.gob.mx\/?page_id=338","title":{"rendered":"Diagn\u00f3stico"},"content":{"rendered":"\r\n<p>La Etapa de Diagn\u00f3stico del Programa de Ordenamiento Ecol\u00f3gico Regional del Territorio del Estado de Oaxaca (POERTEO) tiene como objetivo identificar y analizar los conflictos ambientales entre los sectores con actividades en el estado de Oaxaca. Previamente se han definido en la etapa de Caracterizaci\u00f3n los atributos ambientales regionales y los intereses de los distintos sectores que act\u00faan en las propias regiones para que en esta etapa se generen los insumos necesarios que dar\u00e1n origen al modelo conceptual&nbsp; en la etapa de Pron\u00f3stico y a las unidades de gesti\u00f3n ambiental (UGA) en la Propuesta del Ordenamiento.<\/p>\r\n\r\n\r\n<div class=\"wp-block-image\">\r\n<figure class=\"aligncenter size-full\"><img loading=\"lazy\" decoding=\"async\" width=\"550\" height=\"414\" src=\"https:\/\/ordenamientoecologico.oaxaca.gob.mx\/wp-content\/uploads\/2023\/12\/diagnostico_1.fw_.png\" alt=\"\" class=\"wp-image-497\" srcset=\"https:\/\/ordenamientoecologico.oaxaca.gob.mx\/wp-content\/uploads\/2023\/12\/diagnostico_1.fw_.png 550w, https:\/\/ordenamientoecologico.oaxaca.gob.mx\/wp-content\/uploads\/2023\/12\/diagnostico_1.fw_-300x226.png 300w\" sizes=\"auto, (max-width: 550px) 100vw, 550px\" \/><\/figure><\/div>\r\n\r\n\r\n<p class=\"has-text-align-center\">Sesi\u00f3n de Comit\u00e9 en la etapa de Diagn\u00f3stico<\/p>\r\n\r\n\r\n\r\n<div style=\"height:100px\" aria-hidden=\"true\" class=\"wp-block-spacer\"><\/div>\r\n\r\n\r\n<div class=\"wp-block-image\">\r\n<figure class=\"aligncenter size-full\"><img loading=\"lazy\" decoding=\"async\" width=\"550\" height=\"412\" src=\"https:\/\/ordenamientoecologico.oaxaca.gob.mx\/wp-content\/uploads\/2023\/12\/diagnostico_2.fw_.png\" alt=\"\" class=\"wp-image-498\" srcset=\"https:\/\/ordenamientoecologico.oaxaca.gob.mx\/wp-content\/uploads\/2023\/12\/diagnostico_2.fw_.png 550w, https:\/\/ordenamientoecologico.oaxaca.gob.mx\/wp-content\/uploads\/2023\/12\/diagnostico_2.fw_-300x225.png 300w\" sizes=\"auto, (max-width: 550px) 100vw, 550px\" \/><\/figure><\/div>\r\n\r\n\r\n<p class=\"has-text-align-center\">Sesi\u00f3n de talleres participativos en la etapa de Diagn\u00f3stico<\/p>\r\n\r\n\r\n\r\n<div style=\"height:100px\" aria-hidden=\"true\" class=\"wp-block-spacer\"><\/div>\r\n\r\n\r\n\r\n<p>Para la formulaci\u00f3n del Diagn\u00f3stico del POERTEO se desarrollaron las siguientes acciones estrat\u00e9gicas:<\/p>\r\n\r\n\r\n\r\n<ul class=\"wp-block-list\">\r\n<li>An\u00e1lisis de la compatibilidad e incompatibilidad de los planes,&nbsp; programas, proyectos y acciones de gobierno.<\/li>\r\n\r\n\r\n\r\n<li>Delimitaci\u00f3n de las \u00e1reas naturales a restaurar, conservar o proteger.<\/li>\r\n\r\n\r\n\r\n<li>An\u00e1lisis de la Aptitud Territorial.<\/li>\r\n\r\n\r\n\r\n<li>An\u00e1lisis de los conflictos ambientales<\/li>\r\n<\/ul>\r\n\r\n\r\n\r\n<div style=\"height:100px\" aria-hidden=\"true\" class=\"wp-block-spacer\"><\/div>\r\n\r\n\r\n<!-- \r\n<figure class=\"wp-block-table is-style-stripes\"><table><tbody><tr><td class=\"has-text-align-center\" data-align=\"center\"><a href=\"https:\/\/ordenamientoecologico.oaxaca.gob.mx\/wp-content\/uploads\/2023\/12\/diagnostico_web.pdf\"><img loading=\"lazy\" decoding=\"async\" width=\"110\" height=\"137\" class=\"wp-image-295\" style=\"width: 110px;\" src=\"https:\/\/ordenamientoecologico.oaxaca.gob.mx\/wp-content\/uploads\/2023\/12\/pdf_logo__.png\" alt=\"\"><\/a><\/td><td>Etapa de Diagn\u00f3stico<\/td><\/tr><tr><td class=\"has-text-align-center\" data-align=\"center\"><a href=\"https:\/\/ordenamientoecologico.oaxaca.gob.mx\/wp-content\/uploads\/2023\/12\/anexos_diagnostico_web.pdf\"><img loading=\"lazy\" decoding=\"async\" width=\"110\" height=\"137\" class=\"wp-image-295\" style=\"width: 110px;\" src=\"https:\/\/ordenamientoecologico.oaxaca.gob.mx\/wp-content\/uploads\/2023\/12\/pdf_logo__.png\" alt=\"\"><\/a><\/td><td>Anexos Etapa de Diagn\u00f3stico<\/td><\/tr><tr><td class=\"has-text-align-center\" data-align=\"center\"><a href=\"https:\/\/ordenamientoecologico.oaxaca.gob.mx\/wp-content\/uploads\/2023\/12\/talleres_diagnostico_web.pdf\"><img loading=\"lazy\" decoding=\"async\" width=\"110\" height=\"137\" class=\"wp-image-295\" style=\"width: 110px;\" src=\"https:\/\/ordenamientoecologico.oaxaca.gob.mx\/wp-content\/uploads\/2023\/12\/pdf_logo__.png\" alt=\"\"><\/a><\/td><td>Reporte de Talleres Participativos<\/td><\/tr><\/tbody><\/table><\/figure>-->\r\n","protected":false},"excerpt":{"rendered":"<p>La Etapa de Diagn\u00f3stico del Programa de Ordenamiento Ecol\u00f3gico Regional del Territorio del Estado de Oaxaca (POERTEO) tiene como objetivo [&hellip;]<\/p>\n","protected":false},"author":1,"featured_media":0,"parent":0,"menu_order":0,"comment_status":"closed","ping_status":"closed","template":"","meta":{"footnotes":""},"class_list":["post-338","page","type-page","status-publish","hentry"],"_links":{"self":[{"href":"https:\/\/ordenamientoecologico.oaxaca.gob.mx\/index.php?rest_route=\/wp\/v2\/pages\/338","targetHints":{"allow":["GET"]}}],"collection":[{"href":"https:\/\/ordenamientoecologico.oaxaca.gob.mx\/index.php?rest_route=\/wp\/v2\/pages"}],"about":[{"href":"https:\/\/ordenamientoecologico.oaxaca.gob.mx\/index.php?rest_route=\/wp\/v2\/types\/page"}],"author":[{"embeddable":true,"href":"https:\/\/ordenamientoecologico.oaxaca.gob.mx\/index.php?rest_route=\/wp\/v2\/users\/1"}],"replies":[{"embeddable":true,"href":"https:\/\/ordenamientoecologico.oaxaca.gob.mx\/index.php?rest_route=%2Fwp%2Fv2%2Fcomments&post=338"}],"version-history":[{"count":5,"href":"https:\/\/ordenamientoecologico.oaxaca.gob.mx\/index.php?rest_route=\/wp\/v2\/pages\/338\/revisions"}],"predecessor-version":[{"id":667,"href":"https:\/\/ordenamientoecologico.oaxaca.gob.mx\/index.php?rest_route=\/wp\/v2\/pages\/338\/revisions\/667"}],"wp:attachment":[{"href":"https:\/\/ordenamientoecologico.oaxaca.gob.mx\/index.php?rest_route=%2Fwp%2Fv2%2Fmedia&parent=338"}],"curies":[{"name":"wp","href":"https:\/\/api.w.org\/{rel}","templated":true}]}}