{"id":407,"date":"2023-12-10T23:29:20","date_gmt":"2023-12-11T05:29:20","guid":{"rendered":"http:\/\/192.168.15.239\/?page_id=407"},"modified":"2023-12-14T14:54:12","modified_gmt":"2023-12-14T20:54:12","slug":"resumen-ejecutivo-2","status":"publish","type":"page","link":"https:\/\/ordenamientoecologico.oaxaca.gob.mx\/?page_id=407","title":{"rendered":"Resumen Ejecutivo"},"content":{"rendered":"\n<h2 class=\"wp-block-heading\">Resumen Ejecutivo (Villa de Tututepec de Melchor Ocampo)<\/h2>\n\n\n\n<p>El proceso de Ordenamiento Ecol\u00f3gico Local en la zona costera del Estado de Oaxaca se inserta en la Estrategia Nacional para el Ordenamiento Ecol\u00f3gico del Territorio en Mares y Costas, que en su cap\u00edtulo 5 denominado \u201cEstrategia por Zonas\u201d, se establece que la meta sexenal en esta l\u00ednea de acci\u00f3n ser\u00e1 impulsar decretos de los Programas de Ordenamiento del 100% de los Estados considerados como prioritarios y del 50% de los Municipios considerados como de alto potencial para el desarrollo tur\u00edstico, industrial, agr\u00edcola, acu\u00edcola y pesquero.<\/p>\n\n\n\n<p>A partir del d\u00eda primero del mes de octubre de 2009 dio inicio el ordenamiento municipal de Villa de Tututepec de Melchor Ocampo en el estado de Oaxaca. El municipio de Villa de Tututepec de Melchor Ocampo, Distrito de Juquila, se localiza en la regi\u00f3n de la costa del estado de Oaxaca, Figuras 1 y 2, en las coordenadas longitud oeste 97\u00b0 36\u2019, y 16\u00b0 08\u00b4 de latitud norte, y a una altura de 280 metros sobre el nivel medio del mar.<\/p>\n\n\n\n<p>Limita al norte con el municipio de Tataltepec de Vald\u00e9s y con el municipio de San Miguel Panixtlahuaca; al sur con el oc\u00e9ano Pac\u00edfico; al este con el municipio de San Pedro Mixtepec; al oeste con el municipio de Santiago Jamiltepec. Su distancia aproximada a la capital del estado es de 352 kil\u00f3metros. La superficie total del municipio es de 1,249 km2 y la superficie del municipio en relaci\u00f3n al estado es del 1.31%.<\/p>\n\n\n\n<p>Para la realizaci\u00f3n del estudio, se tomaron en cuenta los insumos ya existentes, tales como ordenamientos ecol\u00f3gicos estatales, regionales o locales as\u00ed como informaci\u00f3n existente en el Instituto Nacional de Ecolog\u00eda otras \u00e1reas de la SEMARNAT y otras instituciones que se citan en el contenido del documento.<\/p>\n\n\n\n<figure class=\"wp-block-table is-style-stripes\"><table><tbody><tr><td class=\"has-text-align-center\" data-align=\"center\"><a href=\"https:\/\/ordenamientoecologico.oaxaca.gob.mx\/wp-content\/uploads\/2023\/12\/anexo_14.4.1_resumen_ejecutivo_Tututepec_web.pdf\"><img loading=\"lazy\" decoding=\"async\" width=\"110\" height=\"137\" class=\"wp-image-295\" style=\"width: 110px;\" src=\"https:\/\/ordenamientoecologico.oaxaca.gob.mx\/wp-content\/uploads\/2023\/12\/pdf_logo__.png\" alt=\"\"><\/a><\/td><td>Resumen Ejecutivo del Ordenamiento Ecol\u00f3gico Local del Municipio de Villa de Tututepec de Melchor Ocampo, Oaxaca.<\/td><\/tr><\/tbody><\/table><\/figure>\n","protected":false},"excerpt":{"rendered":"<p>Resumen Ejecutivo (Villa de Tututepec de Melchor Ocampo) El proceso de Ordenamiento Ecol\u00f3gico Local en la zona costera del Estado [&hellip;]<\/p>\n","protected":false},"author":1,"featured_media":0,"parent":0,"menu_order":0,"comment_status":"closed","ping_status":"closed","template":"","meta":{"footnotes":""},"class_list":["post-407","page","type-page","status-publish","hentry"],"_links":{"self":[{"href":"https:\/\/ordenamientoecologico.oaxaca.gob.mx\/index.php?rest_route=\/wp\/v2\/pages\/407","targetHints":{"allow":["GET"]}}],"collection":[{"href":"https:\/\/ordenamientoecologico.oaxaca.gob.mx\/index.php?rest_route=\/wp\/v2\/pages"}],"about":[{"href":"https:\/\/ordenamientoecologico.oaxaca.gob.mx\/index.php?rest_route=\/wp\/v2\/types\/page"}],"author":[{"embeddable":true,"href":"https:\/\/ordenamientoecologico.oaxaca.gob.mx\/index.php?rest_route=\/wp\/v2\/users\/1"}],"replies":[{"embeddable":true,"href":"https:\/\/ordenamientoecologico.oaxaca.gob.mx\/index.php?rest_route=%2Fwp%2Fv2%2Fcomments&post=407"}],"version-history":[{"count":4,"href":"https:\/\/ordenamientoecologico.oaxaca.gob.mx\/index.php?rest_route=\/wp\/v2\/pages\/407\/revisions"}],"predecessor-version":[{"id":594,"href":"https:\/\/ordenamientoecologico.oaxaca.gob.mx\/index.php?rest_route=\/wp\/v2\/pages\/407\/revisions\/594"}],"wp:attachment":[{"href":"https:\/\/ordenamientoecologico.oaxaca.gob.mx\/index.php?rest_route=%2Fwp%2Fv2%2Fmedia&parent=407"}],"curies":[{"name":"wp","href":"https:\/\/api.w.org\/{rel}","templated":true}]}}