{"id":422,"date":"2023-12-10T23:45:16","date_gmt":"2023-12-11T05:45:16","guid":{"rendered":"http:\/\/192.168.15.239\/?page_id=422"},"modified":"2023-12-14T16:44:37","modified_gmt":"2023-12-14T22:44:37","slug":"introduccion-4","status":"publish","type":"page","link":"https:\/\/ordenamientoecologico.oaxaca.gob.mx\/?page_id=422","title":{"rendered":"Introducci\u00f3n"},"content":{"rendered":"\n<h2 class=\"wp-block-heading\">Introducci\u00f3n (FE-Villa de Tututepec de Melchor Ocampo)<\/h2>\n\n\n\n<p>Una vez concluida la fase de formulaci\u00f3n se da paso a la fase de Expedici\u00f3n, la cual considera 2 procesos:<\/p>\n\n\n\n<p>Consulta P\u00fablica: los sectores que participaron en la formulaci\u00f3n deber\u00e1n conocer y validar o manifestar lo que a su derecho convenga, respecto de la propuesta final del programa que habr\u00e1 de decretarse para su posterior ejecuci\u00f3n.<\/p>\n\n\n\n<p>Decreto: decretar y publicar en los \u00f3rganos de difusi\u00f3n oficiales (Peri\u00f3dico Oficiales del Estado de Oaxaca), es a partir de este momento que el Programa de Ordenamiento empieza a tener vigencia legal.<\/p>\n","protected":false},"excerpt":{"rendered":"<p>Introducci\u00f3n (FE-Villa de Tututepec de Melchor Ocampo) Una vez concluida la fase de formulaci\u00f3n se da paso a la fase [&hellip;]<\/p>\n","protected":false},"author":1,"featured_media":0,"parent":0,"menu_order":0,"comment_status":"closed","ping_status":"closed","template":"","meta":{"footnotes":""},"class_list":["post-422","page","type-page","status-publish","hentry"],"_links":{"self":[{"href":"https:\/\/ordenamientoecologico.oaxaca.gob.mx\/index.php?rest_route=\/wp\/v2\/pages\/422","targetHints":{"allow":["GET"]}}],"collection":[{"href":"https:\/\/ordenamientoecologico.oaxaca.gob.mx\/index.php?rest_route=\/wp\/v2\/pages"}],"about":[{"href":"https:\/\/ordenamientoecologico.oaxaca.gob.mx\/index.php?rest_route=\/wp\/v2\/types\/page"}],"author":[{"embeddable":true,"href":"https:\/\/ordenamientoecologico.oaxaca.gob.mx\/index.php?rest_route=\/wp\/v2\/users\/1"}],"replies":[{"embeddable":true,"href":"https:\/\/ordenamientoecologico.oaxaca.gob.mx\/index.php?rest_route=%2Fwp%2Fv2%2Fcomments&post=422"}],"version-history":[{"count":2,"href":"https:\/\/ordenamientoecologico.oaxaca.gob.mx\/index.php?rest_route=\/wp\/v2\/pages\/422\/revisions"}],"predecessor-version":[{"id":611,"href":"https:\/\/ordenamientoecologico.oaxaca.gob.mx\/index.php?rest_route=\/wp\/v2\/pages\/422\/revisions\/611"}],"wp:attachment":[{"href":"https:\/\/ordenamientoecologico.oaxaca.gob.mx\/index.php?rest_route=%2Fwp%2Fv2%2Fmedia&parent=422"}],"curies":[{"name":"wp","href":"https:\/\/api.w.org\/{rel}","templated":true}]}}